{"id":2989,"date":"2023-12-18T09:51:52","date_gmt":"2023-12-18T09:51:52","guid":{"rendered":"https:\/\/juanserranocorbella.com\/portfolio\/the-crazy-summer-tour-of-a-village-festivals-orchestra\/"},"modified":"2024-02-13T09:34:17","modified_gmt":"2024-02-13T09:34:17","slug":"the-crazy-summer-tour-of-a-village-festivals-orchestra","status":"publish","type":"portfolio","link":"https:\/\/juanserranocorbella.com\/es\/portfolio\/the-crazy-summer-tour-of-a-village-festivals-orchestra\/","title":{"rendered":"La loca gira veraniega de la Orquesta de la Fiesta Mayor de un pueblo"},"content":{"rendered":"<p>Cr\u00f3nica fren\u00e9tica de una gira con la Orquesta Panorama, los indiscutibles reyes de las fiestas populares en el norte de Espa\u00f1a, especialmente en Galicia. Esta fren\u00e9tica traves\u00eda nos sumerge en el fen\u00f3meno de las orquestas de feria, originado en los a\u00f1os 80 en esta regi\u00f3n y ahora considerado una nueva peregrinaci\u00f3n para numerosos seguidores. Un circuito que abarca cientos de conciertos de verano, millones de euros en juego y enormes escenarios, a veces con hasta 50,000 asistentes, que se levantan en prados a las afueras de las pintorescas aldeas.<\/p>\n<p>&nbsp;<\/p>\n","protected":false},"template":"","categoria-portfolio":[4],"class_list":["post-2989","portfolio","type-portfolio","status-publish","hentry","categoria-portfolio-editorial"],"_links":{"self":[{"href":"https:\/\/juanserranocorbella.com\/es\/wp-json\/wp\/v2\/portfolio\/2989","targetHints":{"allow":["GET"]}}],"collection":[{"href":"https:\/\/juanserranocorbella.com\/es\/wp-json\/wp\/v2\/portfolio"}],"about":[{"href":"https:\/\/juanserranocorbella.com\/es\/wp-json\/wp\/v2\/types\/portfolio"}],"wp:attachment":[{"href":"https:\/\/juanserranocorbella.com\/es\/wp-json\/wp\/v2\/media?parent=2989"}],"wp:term":[{"taxonomy":"categoria-portfolio","embeddable":true,"href":"https:\/\/juanserranocorbella.com\/es\/wp-json\/wp\/v2\/categoria-portfolio?post=2989"}],"curies":[{"name":"wp","href":"https:\/\/api.w.org\/{rel}","templated":true}]}}

<p>Crónica frenética de una gira con la Orquesta Panorama, los indiscutibles reyes de las fiestas populares en el norte de España, especialmente en Galicia. Esta frenética travesía nos sumerge en el fenómeno de las orquestas de feria, originado en los años 80 en esta región y ahora considerado una nueva peregrinación para numerosos seguidores. Un circuito que abarca cientos de conciertos de verano, millones de euros en juego y enormes escenarios, a veces con hasta 50,000 asistentes, que se levantan en prados a las afueras de las pintorescas aldeas.</p>
<p>&nbsp;</p>
